er?
False
Is 1657 prime?
True
Is 565 prime?
False
Is 993 composite?
True
Is 875337 a composite number?
True
Is 32989 a prime number?
False
Is 2929 a prime number?
False
Is 325223 a prime number?
False
Is 1870837 a composite number?
True
Is 9601 a composite number?
False
Is 8657 prime?
False
Is 14441 a prime number?
False
Is 638527 prime?
True
Is 2761 a composite number?
True
Is 5245 a composite number?
True
Is 167791 a prime number?
False
Is 69109 a prime number?
True
Is 9173 a prime number?
True
Is 1032863 a composite number?
True
Is 28729 a composite number?
False
Is 366673 prime?
False
Is 53773 a prime number?
True
Is 104411 composite?
True
Is 1009 composite?
False
Is 81329 prime?
False
Is 96245 composite?
True
Is 33851 prime?
True
Is 72337 a composite number?
False
Is 128147 a prime number?
True
Is 46573 prime?
True
Is 28429 prime?
True
Is 11771 a composite number?
True
Is 7669 a prime number?
True
Is 14047 prime?
False
Is 275831 a prime number?
False
Is 92921 composite?
False
Is 5965 prime?
False
Is 360079 prime?
False
Is 96643 composite?
False
Is 85066 composite?
True
Is 179029 a composite number?
False
Is 10589 prime?
True
Is 186377 a prime number?
True
Is 2562845 composite?
True
Is 242777 a prime number?
False
Is 157969 a composite number?
True
Is 27259 prime?
True
Is 128221 a prime number?
True
Is 571277 composite?
True
Is 55057 a prime number?
True
Is 161705 a prime number?
False
Is 1080489 prime?
False
Is 1242443 a composite number?
True
Is 8509 a composite number?
True
Is 52435 composite?
True
Is 11707 a composite number?
True
Is 338531 prime?
True
Is 72019 composite?
False
Is 1543 prime?
True
Is 251041 composite?
True
Is 14273 a composite number?
True
Is 299951 a composite number?
False
Is 528911 composite?
False
Is 842 a composite number?
True
Is 8461 composite?
False
Is 1262 a prime number?
False
Is 7261 composite?
True
Is 777057 a composite number?
True
Is 22121 prime?
False
Is 181439 composite?
False
Is 28401 prime?
False
Is 17363 a prime number?
False
Is 878329 a prime number?
False
Is 321611 a prime number?
True
Is 176993 a composite number?
True
Is 16255 a composite number?
True
Is 8813 composite?
True
Is 80701 a composite number?
False
Is 448349 prime?
False
Is 3989 a prime number?
True
Is 84977 prime?
True
Is 38623 a prime number?
False
Is 1565405 prime?
False
Is 1198903 composite?
False
Is 481 composite?
True
Is 1278727 prime?
False
Is 4147639 composite?
False
Is 21583 a composite number?
True
Is 8083 a composite number?
True
Is 3779813 prime?
True
Is 123779 composite?
True
Is 11065 a prime number?
False
Is 38719 a composite number?
True
Is 493513 composite?
True
Is 487 composite?
False
Is 10243 a composite number?
False
Is 1777 a composite number?
False
Is 53819 composite?
False
Is 5855 a composite number?
True
Is 7237 prime?
True
Is 519667 composite?
False
Is 8501 prime?
True
Is 347003 composite?
False
Is 58661 prime?
True
Is 31469 prime?
True
Is 4499 a composite number?
True
Is 97289 prime?
False
Is 24907 a prime number?
True
Is 154277 a prime number?
True
Is 229547 a composite number?
False
Is 123 a prime number?
False
Is 662087 a prime number?
False
Is 75133 composite?
False
Is 214259 composite?
False
Is 1189919 prime?
True
Is 26357 composite?
False
Is 38953 a prime number?
True
Is 171007 a prime number?
True
Is 21059 a composite number?
False
Is 546001 composite?
False
Is 108149 a prime number?
False
Is 3821 composite?
False
Is 22207 a prime number?
False
Is 309955 a prime number?
False
Is 470901 prime?
False
Is 191413 prime?
True
Is 1928843 prime?
False
Is 13553 a composite number?
False
Is 3473 composite?
True
Is 77929 composite?
False
Is 136111 a composite number?
False
Is 108971 a prime number?
True
Is 1001659 a prime number?
True
Is 72563 composite?
True
Is 10937 a prime number?
True
Is 1145091 composite?
True
Is 750277 composite?
True
Is 408359 prime?
False
Is 533447 composite?
False
Is 79 composite?
False
Is 27923 a composite number?
True
Is 73571 prime?
True
Is 56939 a composite number?
True
Is 674647 a prime number?
True
Is 3763 prime?
False
Is 27127 a prime number?
True
Is 104743 prime?
True
Is 21259 prime?
False
Is 760657 a composite number?
False
Is 159707 a prime number?
True
Is 3077 prime?
False
Is 114143 prime?
True
Is 96377 prime?
True
Is 152111 a prime number?
True
Is 52463 prime?
False
Is 782503 a composite number?
True
Is 5981 a prime number?
True
Is 1639851 composite?
True
Is 21381 composite?
True
Is 1599977 composite?
False
Is 4271 prime?
True
Is 4092109 prime?
False
Is 991 prime?
True
Is 23143 a prime number?
True
Is 3487 prime?
False
Is 18773 a prime number?
True
Is 3659 prime?
True
Is 374879 prime?
True
Is 33107 prime?
True
Is 92215 composite?
True
Is 216109 prime?
False
Is 40861 composite?
True
Is 70177 a prime number?
True
Is 61037 a composite number?
True
Is 377453 a prime number?
False
Is 1149283 a composite number?
False
Is 2831 a composite number?
True
Is 342322 a prime number?
False
Is 86155 a composite number?
True
Is 36415 composite?
True
Is 20279 composite?
True
Is 46199 a composite number?
False
Is 3907 a composite number?
False
Is 28787 a composite number?
True
Is 247159 prime?
False
Is 193259 prime?
False
Is 83857 a composite number?
False
Is 145165 prime?
False
Is 44159 a composite number?
False
Is 159781 a composite number?
True
Is 453023 prime?
True
Is 223423 prime?
True
Is 444257 a composite number?
True
Is 16615 a prime number?
False
Is 56138 prime?
False
Is 5663 prime?
False
Is 116803 a composite number?
False
Is 691891 a composite number?
False
Is 888051 a prime number?
False
Is 339869 prime?
False
Is 87469 a prime number?
False
Is 462697 a composite number?
False
Is 40373 a prime number?
False
Is 46439 composite?
False
Is 953 prime?
True
Is 8263 composite?
False
Is 9717783 a composite number?
True
Is 4714 prime?
False
Is 1054171 a prime number?
True
Is 198863 a prime number?
False
Is 9537353 prime?
False
Is 2911 a prime number?
False
Is 758491 composite?
False
Is 11335 prime?
False
Is 391309 a prime number?
False
Is 910361 composite?
False
Is 1903 composite?
True
Is 410071 a prime number?
False
Is 2120107 a prime number?
False
Is 72859 a composite number?
False
Is 109297 a composite number?
False
Is 15401 a composite number?
False
Is 585491 a prime number?
False
Is 55723 prime?
False
Is 9719 composite?
False
Is 18617 prime?
True
Is 7717 a prime number?
True
Is 3645695 composite?
True
Is 13318 a composite number?
True
Is 8999 a prime number?
True
Is 77709 a composite number?
True
Is 153739 prime?
True
Is 225919 composite?
False
Is 50327 composite?
True
Is 129629 prime?
True
Is 3763 prime?
False
Is 16961 composite?
True
Is 598411 composite?
True
Is 117527 prime?
False
Is 3124717 composite?
False
Is 64271 prime?
True
Is 149657 prime?
False
Is 235 composite?
True
Is 741739 a prime number?
False
Is 42737 a composite number?
False
Is 1483861 prime?
True
Is 43663 composite?
True
Is 21893 prime?
True
Is 130054 a composite number?
True
Is 6053 a composite number?
False
Is 12829 a composite number?
False
Is 209477 prime?
True
Is 26651 a composite number?
True
Is 851317 prime?
False
Is 409287 prime?
False
Is 149387 a prime number?
False
Is 3907 prime?
True
Is 5069 a composite number?
True
Is 79519 composite?
True
Is 271231 a composite number?
False
Is 16301 prime?
True
Is 7411 composite?
False
Is 41911 a composite number?
False
Is 19511 a composite number?
True
Is 259 a composite number?
True
Is 319559 prime?
False
Is 732601 composite?
False
Is 510607 a composite number?
True
Is 4783 composite?
False
Is 52958 a composite number?
True
Is 31969 a composite number?
True
Is 255379 a prime number?
False
Is 21661 prime?
True
Is 49319 composite?
True
Is 15107 a prime number?
True
Is 759589 a composite number?
False
Is 83693 composite?
True
Is 182939 a prime number?
False
Is 1477 prime?
False
Is 670823 a composite number?
False
Is 331099 a prime number?
True
Is 3071 a composite number?
True
Is 7043 a composite number?
False
Is 15641 composite?
False
Is 835927 a composite number?
False
Is 20771 composite?
False
Is 5183683 a prime number?
True
Is 51899 composite?
False
Is 13669 a composite number?
False
Is 336353 prime?
True
Is 541 composite?
False
Is 1364749 a composite number?
True
Is